
True
Is 1686 a multiple of 22?
False
Is 198 a factor of 9108?
True
Is 7 a factor of 4536?
True
Does 62 divide 473?
False
Does 3 divide 3610?
False
Is 38 a factor of 2132?
False
Is 243 a multiple of 23?
False
Does 229 divide 56563?
True
Does 7 divide 4291?
True
Is 14868 a multiple of 236?
True
Is 672 a multiple of 16?
True
Does 8 divide 16656?
True
Is 341 a multiple of 3?
False
Does 107 divide 6741?
True
Does 15 divide 13371?
False
Does 15 divide 1333?
False
Is 15 a factor of 12540?
True
Is 1099 a multiple of 77?
False
Is 17220 a multiple of 15?
True
Does 4 divide 1108?
True
Is 2270 a multiple of 18?
False
Is 24665 a multiple of 31?
False
Is 1446 a multiple of 6?
True
Is 25037 a multiple of 17?
False
Does 20 divide 3802?
False
Is 18 a factor of 3276?
True
Is 13 a factor of 455?
True
Is 42 a multiple of 6?
True
Does 31 divide 1682?
False
Does 5 divide 420?
True
Is 1428 a multiple of 4?
True
Is 1516 even?
True
Is 43 a factor of 1333?
True
Is 14 a factor of 16467?
False
Does 7 divide 1023?
False
Is 31 a factor of 352?
False
Is 414 a multiple of 9?
True
Does 171 divide 56738?
False
Is 7 a factor of 646?
False
Is 11838 a multiple of 6?
True
Is 47162 a multiple of 248?
False
Is 6 a factor of 12834?
True
Is 11 a factor of 7741?
False
Is 5013 a multiple of 6?
False
Is 15 a factor of 6465?
True
Is 4 a factor of 200?
True
Is 1925 a multiple of 16?
False
Is 7 a factor of 10820?
False
Is 96 a factor of 2400?
True
Is 231 even?
False
Is 274 a factor of 67952?
True
Is 1799 a multiple of 51?
False
Is 13 a factor of 2340?
True
Does 25 divide 615?
False
Is 1815 a multiple of 23?
False
Is 2632 a multiple of 16?
False
Is 216 a multiple of 8?
True
Is 52 a factor of 9335?
False
Does 86 divide 2322?
True
Is 24 a factor of 6310?
False
Is 89750 a multiple of 44?
False
Does 19 divide 1739?
False
Is 627 a multiple of 25?
False
Is 55 a factor of 440?
True
Is 156 a multiple of 4?
True
Does 54 divide 918?
True
Does 8 divide 80?
True
Does 86 divide 3182?
True
Does 4 divide 112?
True
Does 41 divide 27593?
True
Is 25 a factor of 11696?
False
Does 33 divide 1188?
True
Is 34 a factor of 33041?
False
Is 456 a multiple of 19?
True
Is 8 a factor of 33520?
True
Is 19429 a multiple of 10?
False
Is 20992 a multiple of 164?
True
Is 945 a multiple of 9?
True
Is 3 a factor of 63?
True
Does 154 divide 25671?
False
Does 60 divide 5994?
False
Is 7 a factor of 22554?
True
Does 4 divide 391?
False
Is 101 a multiple of 16?
False
Does 11 divide 2611?
False
Is 6 a factor of 5219?
False
Does 2 divide 685?
False
Does 247 divide 19740?
False
Is 8 a factor of 5401?
False
Is 574 a multiple of 45?
False
Is 50739 a multiple of 100?
False
Is 8 a factor of 17203?
False
Does 4 divide 7769?
False
Is 41 a factor of 943?
True
Is 23 a factor of 1725?
True
Does 106 divide 1060?
True
Is 3922 a multiple of 106?
True
Is 145 a factor of 54230?
True
Does 48 divide 74256?
True
Is 33 a factor of 1947?
True
Does 10 divide 56520?
True
Is 2615 a multiple of 147?
False
Is 35 a factor of 6370?
True
Is 127 a multiple of 29?
False
Does 34 divide 626?
False
Does 26 divide 9178?
True
Is 63 a factor of 6111?
True
Is 63648 a multiple of 104?
True
Is 1686 a multiple of 14?
False
Is 14 a factor of 2330?
False
Does 9 divide 117?
True
Does 29 divide 5058?
False
Is 44 a factor of 1320?
True
Is 2204 a multiple of 19?
True
Is 23380 a multiple of 14?
True
Is 27 a factor of 891?
True
Does 9 divide 35486?
False
Does 9 divide 37332?
True
Is 629 a multiple of 15?
False
Is 97136 a multiple of 467?
True
Is 9206 a multiple of 7?
False
Does 210 divide 68460?
True
Is 201 a multiple of 19?
False
Is 59 a factor of 19378?
False
Is 7920 a multiple of 144?
True
Is 52 a factor of 41222?
False
Is 26036 a multiple of 23?
True
Is 18 a multiple of 9?
True
Is 150 a multiple of 3?
True
Is 16 a factor of 1040?
True
Does 146 divide 10074?
True
Is 131 a factor of 8515?
True
Does 15 divide 36195?
True
Does 4 divide 1900?
True
Is 84 a factor of 27394?
False
Is 156 a factor of 7956?
True
Is 441 a multiple of 40?
False
Is 48 a factor of 1379?
False
Is 59 a factor of 9228?
False
Does 3 divide 636?
True
Is 148 a factor of 45246?
False
Is 2932 a multiple of 4?
True
Is 7486 a multiple of 9?
False
Is 7 a factor of 6519?
False
Is 27 a factor of 8382?
False
Is 173 a factor of 90297?
False
Is 206 a factor of 11536?
True
Is 3795 a multiple of 23?
True
Does 15 divide 3018?
False
Does 9 divide 18?
True
Is 39439 a multiple of 83?
False
Is 2719 a multiple of 15?
False
Is 19378 a multiple of 8?
False
Is 352 even?
True
Is 1363 a multiple of 94?
False
Does 49 divide 9845?
False
Is 5174 a multiple of 38?
False
Is 234 a multiple of 62?
False
Is 41 a factor of 574?
True
Does 275 divide 120736?
False
Is 44 a factor of 5104?
True
Does 85 divide 11305?
True
Does 145 divide 128325?
True
Is 1724 a multiple of 114?
False
Is 199 a factor of 7285?
False
Is 40 a factor of 240?
True
Is 84 a factor of 14448?
True
Is 14 a factor of 1526?
True
Does 5 divide 1197?
False
Is 15 a factor of 3228?
False
Does 17 divide 8653?
True
Is 18889 a multiple of 69?
False
Does 330 divide 17798?
False
Is 30 a factor of 2865?
False
Does 20 divide 2360?
True
Is 2 a factor of 93?
False
Is 4320 a multiple of 17?
False
Is 12 a factor of 996?
True
Is 132 a factor of 44088?
True
Is 17 a factor of 24514?
True
Is 186 a multiple of 5?
False
Is 12 a factor of 5720?
False
Is 5010 a multiple of 10?
True
Is 1950 a multiple of 78?
True
Is 83 a multiple of 15?
False
Does 14 divide 420?
True
Does 26 divide 1846?
True
Is 54 a factor of 7319?
False
Is 267 a multiple of 10?
False
Is 5 a factor of 931?
False
Is 3510 a multiple of 30?
True
Is 133 a multiple of 10?
False
Is 2441 a multiple of 85?
False
Does 13 divide 789?
False
Is 1406 a multiple of 38?
True
Is 823 a multiple of 8?
False
Is 7674 a multiple of 104?
False
Does 13 divide 23803?
True
Is 7710 a multiple of 49?
False
Does 18 divide 1116?
True
Is 18 a factor of 255?
False
Does 4 divide 689?
False
Is 12 a factor of 7764?
True
Does 23 divide 142?
False
Is 1685 a multiple of 11?
False
Does 53 divide 52788?
True
Does 21 divide 13524?
True
Is 154 a factor of 36539?
False
Is 10 a factor of 6140?
True
Is 38 a factor of 5320?
True
Is 130 a factor of 4290?
True
Is 1040 a multiple of 10?
True
Is 34 a factor of 466?
False
Is 2 a factor of 317?
False
Is 972 a multiple of 27?
True
Is 130 a factor of 90740?
True
Does 131 divide 393?
True
Is 13680 a multiple of 8?
True
Is 9 a factor of 677?
False
Does 67 divide 15019?
False
Does 103 divide 1172?
False
Does 29 divide 30044?
True
Is 7 a factor of 7662?
False
Is 22 a factor of 8976?
True
Is 3087 a multiple of 18?
False
Does 13 divide 108277?
True
Does 6 divide 245?
False
Is 33 a factor of 2079?
True
Is 17 a factor of 161360?
False
Does 13 divide 10896?
False
Is 17 a factor of 37164?
False
Is 6960 a multiple of 30?
True
Does 26 divide 1196?
True
Does 3 divide 363?
True
Is 8 a factor of 688?
True
Does 39 divide 16125?
False
Is 2548 a multiple of 49?
True
Is 15 a factor of 13215?
True
Is 50 a factor of 2850?
True
Is 7658 a multiple of 6?
False
Is 31 a factor of 138?
False
Is 7 a factor of 25?
False
Is 17340 a multiple of 17?
True
Is 15321 a multiple of 183?
False
Is 198 a factor of 48642?
False
Is 17 a factor of 1394?
True
Does 17 divide 340?
True
Is 1372 a multiple of 50?
False
Is 19479 a multiple of 22?
False
Does 33 divide 582?
False
Is 13 a factor of 936?
True
Is 51 a factor of 1428?
True
Does 32 divide 111424?
True
Is 3870 a multiple of 9?
True
Does 6 divide 1469?
False
Does 80 divide 15680?
True
Does 11 divide 460?
False
Is 2520 a multiple of 36?
True
Does 130 divide 2309?
False
Does 19 divide 931?
True
Does 15 divide 1470?
True
Does 140 divide 10360?
True
Does 63 divide 378?
True
Is 5376 a multiple of 96?
True
Is 11910 a multiple of 8?
False
Is 32 a factor of 5082?
False
Is 30135 a multiple of 15?
True
Is 389 a multiple of 6?
False
Is 3 a factor of 8591?
False
Is 48 a factor of 21168?
True
Is 197 a factor of 35657?
True
Does 171 divide 8505?
False
Does 23 divide 1497?
False
Does 8 divide 507?
False
Does 37 divide 2851?
False
Is 229 a factor of 103193?
False
Is 17 a factor of 26559?
False
Does 35 divide 96985?
True
Is 18980 a multiple of 130?
True
Is 3 a factor of 228?
True
Is 6 a factor of 1986?
True
Is 5136 a multiple of 12?
True
